{"id":29,"date":"2011-04-20T03:59:26","date_gmt":"2011-04-20T03:59:26","guid":{"rendered":"http:\/\/173.192.220.106\/~ordex\/?page_id=29"},"modified":"2011-04-20T04:56:38","modified_gmt":"2011-04-20T04:56:38","slug":"solutions-de-sauvegarde","status":"publish","type":"page","link":"https:\/\/Ordex.qc.ca\/?page_id=29","title":{"rendered":"Solutions de sauvegarde"},"content":{"rendered":"<p><strong>D\u00e9finition : <\/strong><\/p>\n<p style=\"text-align: justify;\">Les architectures de stockage permettent de faire la sauvegarde d\u2019information.<\/p>\n<p><strong>Description : <\/strong><\/p>\n<p style=\"text-align: justify;\">Ils sont particuli\u00e8rement utilis\u00e9s lorsqu\u2019une unit\u00e9 de sauvegarde n\u00e9cessite un transfert important d\u2019information par p\u00e9riode de temps ou lorsque la quantit\u00e9 d\u2019information est tr\u00e8s importante. On les retrouvent aussi dans les environnement SAN\/NAS parce qu\u2019il est possible de faire transiter l\u2019information directement d\u2019une unit\u00e9 de stockage \u00e0 un unit\u00e9 de sauvegarde. Le temps de  traitement de l\u2019information est tr\u00e8s court.<\/p>\n<p><strong>Ce qu\u2019on fait pour vous : <\/strong><\/p>\n<ul>\n<li>Analyse des processus de sauvegarde<\/li>\n<li>Analyse du type d\u2019information \u00e0 sauvegarder<\/li>\n<li>Analyse des taux de transfert d\u2019information<\/li>\n<li>Analyse de la quantit\u00e9 d\u2019information \u00e0 sauvegarder<\/li>\n<li>Pertinence des sauvegardes<\/li>\n<li>Rendement actuel des appareils de sauvegarde<\/li>\n<li>Rendement requis pour les sauvegardes<\/li>\n<li>Analyse des besoins en duplication d\u2019information<\/li>\n<li>Gestion des sauvegardes totales<\/li>\n<li>S\u00e9curit\u00e9 et externalisation des sauvegardes<\/li>\n<li>Architecture mat\u00e9riel des appareils de sauvegardes<\/li>\n<li>R\u00e9-ing\u00e9nierie des processus de sauvegardes<\/li>\n<li>Gain \u00e0 pr\u00e9voir de la r\u00e9organisation des sauvegardes<\/li>\n<li>Analyse des technologies disponibles<\/li>\n<li>Suggestions de choix de fournisseurs<\/li>\n<li>\u00c9tablissement du cahier de charge<\/li>\n<\/ul>\n","protected":false},"excerpt":{"rendered":"<p>D\u00e9finition : Les architectures de stockage permettent de faire la sauvegarde d\u2019information. Description : Ils sont particuli\u00e8rement utilis\u00e9s lorsqu\u2019une unit\u00e9 de sauvegarde n\u00e9cessite un transfert important d\u2019information par p\u00e9riode de temps ou lorsque la quantit\u00e9 d\u2019information est tr\u00e8s importante. On les retrouvent aussi dans les environnement SAN\/NAS parce qu\u2019il est possible de faire transiter l\u2019information [&hellip;]<\/p>\n","protected":false},"author":1,"featured_media":0,"parent":2,"menu_order":0,"comment_status":"open","ping_status":"closed","template":"","meta":{"footnotes":""},"class_list":["post-29","page","type-page","status-publish","hentry"],"_links":{"self":[{"href":"https:\/\/Ordex.qc.ca\/index.php?rest_route=\/wp\/v2\/pages\/29","targetHints":{"allow":["GET"]}}],"collection":[{"href":"https:\/\/Ordex.qc.ca\/index.php?rest_route=\/wp\/v2\/pages"}],"about":[{"href":"https:\/\/Ordex.qc.ca\/index.php?rest_route=\/wp\/v2\/types\/page"}],"author":[{"embeddable":true,"href":"https:\/\/Ordex.qc.ca\/index.php?rest_route=\/wp\/v2\/users\/1"}],"replies":[{"embeddable":true,"href":"https:\/\/Ordex.qc.ca\/index.php?rest_route=%2Fwp%2Fv2%2Fcomments&post=29"}],"version-history":[{"count":4,"href":"https:\/\/Ordex.qc.ca\/index.php?rest_route=\/wp\/v2\/pages\/29\/revisions"}],"predecessor-version":[{"id":89,"href":"https:\/\/Ordex.qc.ca\/index.php?rest_route=\/wp\/v2\/pages\/29\/revisions\/89"}],"up":[{"embeddable":true,"href":"https:\/\/Ordex.qc.ca\/index.php?rest_route=\/wp\/v2\/pages\/2"}],"wp:attachment":[{"href":"https:\/\/Ordex.qc.ca\/index.php?rest_route=%2Fwp%2Fv2%2Fmedia&parent=29"}],"curies":[{"name":"wp","href":"https:\/\/api.w.org\/{rel}","templated":true}]}}